 Let a(y) = -7*y - 10. Let d(i) = -13*i - 19. Let b(z) = -11*a(z) + 6*d(z). What is b(n)?
-4
Let l(h) be the first derivative of -h**4/12 + h**3 + 3*h**2/2 + 16. Let k(r) be the second derivative of l(r). Give k(-6).
18
Let d(q) = -6*q + 9. Let s be -3 - (-3 - (1 - 5)) - -23. Suppose 3*b - 37 = -s. Determine d(b).
-27
Suppose 0*d = 5*d - 10, -v + 5*d - 6 = 0. Let u be 57/12 - v/(-16). Let t(b) = -u - 5*b**2 + 6*b**2 + 1. Calculate t(4).
12
Let r(f) = -f**2 - f. Let j(q) = q**3 - 3*q**2 - q. Let w(o) = o - 5. Let u be w(8). Let m be j(u). What is r(m)?
-6
Let k(z) be the first derivative of 7*z**4/4 + z**3 - 2*z - 564. Calculate k(1).
8
Suppose -4*d + 4*k - k = -3, -4*k = 4*d - 24. Let v(a) = 29 - 88 - a + 36 + 27. Determine v(d).
1
Let t(p) = -7 + 6 - 4*p - 12 + 3*p + 2*p. Determine t(12).
-1
Let m be 1/5 - (-18)/10. Suppose 10*n = m*n - 56. Let o(k) = k**2 + 6*k - 1. Give o(n).
6
Let l = -205 - -191. Let a(g) = g**3 + 15*g**2 + 14*g - 4. Determine a(l).
-4
Let k(s) be the first derivative of s**4/4 + 3*s**3 - s**2/2 - 17*s - 361. Calculate k(-9).
-8
Let c be (3/(-2))/(2/(-4)). Let y(v) = 11*v**2 + 7*v - 4. Let u(k) = 7*k**2 + 4*k - 3. Let m(h) = 8*u(h) - 5*y(h). Give m(c).
-4
Let g be (-3)/((-1 - 1) + 3). Let n be (-10)/(-6) + 2/g. Let z(f) = -f - 1 - n + 3. What is z(-3)?
4
Let t(u) be the third derivative of u**4/24 + 4*u**3/3 - 104*u**2. What is t(0)?
8
Let y(u) = 20 + 12*u + 0*u - 13*u. Calculate y(0).
20
Let b(x) = x**2 - 18*x - 22. Let y be b(20). Suppose -5*f - y = -2*h, -5*f + h - 2 = 3*h. Let l(c) = -c + 2 - 4 + 0 + c**2. Give l(f).
4
Let c be 56/32*-4 - -4. Let i(q) = 6*q + 9. Give i(c).
-9
Let k(o) be the first derivative of 1/2*o**2 - 3*o + 3 + 1/3*o**3. Give k(0).
-3
Let z(o) = o**3 - 6*o**2. Let g be z(6). Let t be (2 - g)*(2/(-2) - 3). Let y(b) = -b + 2. Calculate y(t).
10
Let i(b) be the first derivative of -2*b**2 - 4*b + 430. Suppose -3 = -4*q + 1, 4*j + 23 = -5*q. Let h = j - -3. Calculate i(h).
12
Let w be (2 + -4)*(2 - 3). Suppose -4*o + o + 11 = -4*v, -w*o = v. Let l(g) = 9 - 5*g - g**2 + o + 11*g. What is l(7)?
3
Let b(x) = -15*x + 11. Let c(m) = 10*m - 8. Let h(o) = 5*b(o) + 7*c(o). What is h(1)?
-6
Let l(m) = m**2 + 2*m - 1. Let a(u) = -7*u + 4. Let c(g) = -a(g) - 2*l(g). Determine c(2).
-4
Let s be (-3)/(0 - (-3)/36). Let o = s + 38. Let n(w) = -w**2 + 5*w - 2. What is n(o)?
4
Let v(b) = b - 2. Suppose -150 = -4*p - 14. Let m = -61 - -32. Let z = m + p. Give v(z).
3
Let n(c) = -c**3 - c + 8. Suppose -4*m - 5*j - 15 = -m, 0 = j + 3. Calculate n(m).
8
Let d(l) = 2*l + 4. Suppose -4*q - 2 + 14 = 0. Suppose -y + 12 = -5*i - 9, -i = y - q. Suppose g - y = 3*g. What is d(g)?
-2
Let g(n) = 2*n + 0*n - 3*n - n. Let v be 10/(2/(2/(-2))). Let h = -10 - v. Give g(h).
10
Let h = -7 + 29. Suppose -6*g + h = -5*g. Let n = 23 - g. Let b(v) = 5*v**2 + v - 1. Determine b(n).
5
Let n(a) be the third derivative of -5*a**4/24 - a**3/3 + 7*a**2. Suppose 5*r = 3*b + 11 + 4, -r + 3 = b. What is n(r)?
-17
Let f be (-28)/(-35)*(2 + 33/(-24)). Let r(l) be the second derivative of -6*l - f*l**2 + l**3 + 0. Determine r(2).
11
Let w(n) be the second derivative of -n**4/4 + n**3/3 - n**2/2 + n. Let z = 14 - 14. Suppose -5*m + v + 8 = z, -2*m + 2*v - 2 = -m. Determine w(m).
-9
Let y(x) = -4 + x**3 + 3*x + 3 - 2*x**2 + 8 - 2*x - 7*x**2. What is y(9)?
16
Let d(l) be the third derivative of -l**5/60 + l**4/3 - l**3/2 + 2*l**2. Let p be 16/(-1) + (3 - 1). Let c = -8 - p. What is d(c)?
9
Let r = 16 - 10. Let f(b) = -b - 1. Let c be f(-10). Let p(y) = -r*y + 2*y**2 + y - y**2 - 6 + c. What is p(4)?
-1
Suppose 0 = h - 13 - 2. Suppose 4*z - 2*b = 20, -1 - h = -2*z - 2*b. Let j(m) = m**3 - 4*m**2 - 8*m - 4. What is j(z)?
20
Let r(w) be the third derivative of 0 + 3*w**2 + 0*w + 1/6*w**3 - 7/24*w**4. What is r(1)?
-6
Let f be (-6)/8 + 8/(-32). Let c be 0/((-1 + f)/2). Suppose 3*j - 5*j - 10 = c. Let i(x) = x + 6. What is i(j)?
1
Let a(f) be the third derivative of f**5/5 - f**4/24 + 37*f**2. What is a(-1)?
13
Let z(r) = -r**2 - 10*r + 23 - 10 + 2*r**2. Let c be z(8). Let o(v) = -v**2 + 3. Give o(c).
-6
Let y(a) = a**3 + 7*a**2 + 7*a + 5. Let k be 1/(-2)*(-14 + -2). Suppose -2*n - 4*d = -k, -7*n + 4*n + 3*d = 33. Determine y(n).
-1
Let f be 6/(-12) + (-3)/(-2). Let a be -5 - -2 - (f - 9). Let z be (-16)/(1 - a) - 10. Let o(p) = p**3 + 7*p**2 + 5*p. Give o(z).
6
Suppose 14 + 1 = 2*z - b, 4*z = 5*b + 45. Suppose -z*y = -7*y + 4. Let n(c) = 2*c**3 - 2*c**2 - c - 1. Calculate n(y).
5
Suppose c - 3 = 3*h, -9 = 2*h + 3*h - 3*c. Suppose 5*x - 4*w = 5 + 2, 3*x + w - 11 = h. Let y(a) be the first derivative of -3*a**2/2 - 2*a - 1. Give y(x).
-11
Let o(g) = -17*g**2 - 3*g + 15*g**2 + 4*g. Give o(-1).
-3
Let y(k) = -k**2 - 6*k + 1. Let h(g) = -g**3 + 3*g**2 - g - 3. Let p be (3/2)/((-3)/(-6)). Let o be h(p). Let s be y(o). Let j(v) = -6*v + 1. Give j(s).
-5
Let q(r) = -40*r**3 + 35*r**2 + 3*r + 1. Let z(g) = 22*g**3 - 18*g**2 - 2*g - 1. Let p(f) = -6*q(f) - 11*z(f). What is p(-6)?
-19
Let g(u) = -4*u**2 - 28*u + 3. Let b be g(-7). Suppose -2*w = o + 4*o + 20, w = b*o + 12. Let d(i) = i**3 + 7. Give d(w).
7
Let x(u) = u**3 - 6*u**2 + 7*u - 4. Suppose m + z - 5 = 0, -2*z - 2*z = m - 5. Suppose 0 = -9*c + m*c. Suppose o + l - 7 = c, 3 + 2 = 3*o - 5*l. Determine x(o).
6
Let u(k) = k**2 + 9*k - 1. Suppose -130 = -6*r + 32*r. Give u(r).
-21
Let t(a) = -a**2 + 2*a - 3. Suppose -20 = -5*o - 0*o. Suppose 0*z + o*z - 20 = 0, -2*l + 3*z - 9 = 0. Suppose 4*n = -v + 7, -l*n + 5 = 2*v + 1. Calculate t(n).
-3
Let b(r) = -7*r + 29. Let d be b(5). Let u(s) = -s**3 - 9*s**2 - 17*s - 1. Calculate u(d).
-7
Let b = -36 - -31. Let o(y) = y**2 - 11*y + 12. Let k be o(10). Let r(n) = 0*n + 5*n - 3*n + 4*n + n**k - 1. What is r(b)?
-6
Let s(l) be the third derivative of -l**5/60 - l**4/3 - l**3/2 - 31*l**2 + 7. Determine s(-5).
12
Let p be (-5)/10 - 2/(-4). Let h = 107 - 109. Let g = h - p. Let v(i) = i**2 - 2. Give v(g).
2
Let s(d) = d + 3. Let b(j) = -2*j - 5. Let t(o) = -4*b(o) - 7*s(o). Let q = 0 - 28. Let k = q + 29. Give t(k).
0
Let z(p) = -p**2. Let x(n) = -n**3 - 4*n**2 + 8*n + 10. Let g(m) = -x(m) - 3*z(m). Suppose c = -5*b - 21 - 21, -b = -4*c. Determine g(b).
-10
Let s(u) be the first derivative of -u**3/3 + u**2 - 3*u - 1. Let i(r) = -2*r - 10. Let t be i(-3). Let l be t/18 + (-114)/(-27). Give s(l).
-11
Let f(g) = 10*g - g - 5 - 4*g + 0 - g**2 - g. What is f(2)?
-1
Let c(r) = 2*r - 8. Let l(m) = 2 + 12*m + 7 + 2*m - 16*m. Let b(u) = -2*c(u) - 3*l(u). Determine b(8).
5
Let g(y) = -3*y + 1. Suppose -3*i = -5*u - 1, 11 = u + 5*i - 0. Let a(w) = -1. Let h(v) = u*g(v) + 6*a(v). Let t be (3*-1)/(6/8). Determine h(t).
7
Let l be (-3)/1 - (0 + -5). Let v(o) = o - 1 + o**2 - o**2 + 4*o**3 - o**l. Determine v(1).
3
Let r(f) = 4*f**2 - 2*f**2 - 2*f + 2*f**2. Let w be 8/(112/266) - 17. Determine r(w).
12
Let b(o) = 2 + o**2 + o**3 - 2. Let h = -150 - -149. What is b(h)?
0
Let h(l) be the first derivative of l**4/4 - 5*l**3/3 + 5*l**2/2 - 2*l + 11. Suppose 3*z - z - 8 = 0. Give h(z).
2
Let a be (12/(-9))/(10/(-15)). Let u(q) = 17*q + 22. Let d(y) = 9*y + 13. Let k(n) = 10*d(n) - 6*u(n). Calculate k(a).
-26
Let q(n) = n**3 + 4*n**2 + 2*n + 5. Let y = 11 - 35. Let z be (-12)/y*(1 - 35). Let l be z/4 - 1/(-4). Calculate q(l).
-3
Suppose 4*a + 17 = -3*o - 19, 0 = -a + 5*o - 9. Let d(h) = -2*h - 11. Calculate d(a).
7
Let q(n) = -n - 4. Let h(o) = -o - 4. Suppose -6*g + 0*g = -24. Let w(t) = g*q(t) - 3*h(t). Let z = -2 + -3. What is w(z)?
1
Let m(i) = 2*i. Let o be (6/8)/(((-84)/16)/21). Give m(o).
-6
Let n = 222 + -226. Let q(a) = -a**2 - 4*a + 3. Give q(n).
3
Let h(u) = -u**2 + u - 4. Suppose 5 - 5 = -21*t. What is h(t)?
-4
Let a(x) = 6*x - 5. Let b(l) = 32*l - 27. Let w(g) = -22*a(g) + 4*b(g). Suppose -3*u - 1 = -7. Give w(u).
-6
Let x(f) = 14*f**2 + f - 4*f - 15*f**2 - 2*f + 2. Calculate x(-4).
6
Let t(c) = -9*c**2 + 2*c - 3. Let f(s) = -10*s**2 + 2*s - 4. Let m(d) = -3*f(d) + 4*t(d). What is m(2)?
-20
Let k(j) = -j - 2. Let g(t) = -4*t - 1. Let s(d) = -2*g(d) + 6*k(d). Suppose 4*u + 51 = 5*q, -2*q + 0*u = 5*u + 6. Calculate s(q).
4
Let c = 476 + -474. Let d(h) be the first derivative of h - 1/4*h**4 + 5/2*h**c + 3 - h**3. What is d(-4)?
-3
Let j(r) be the third derivative of -r**4/24 - 10*